4 = 176. Suppose -1027 = -s*l + 1448. What is the remainder when l is divided by 37*1 - (2 + 0)?
29
Let d = 2034 + -421. What is the remainder when d is divided by 802?
9
Suppose 0 = -3*t - 2*u - 23, 5*u = 4*t - t + 37. Let x(h) = -8*h + 105. Calculate the remainder when x(7) is divided by 1 - -1 - (t - 3).
7
Suppose -3*k + 4 = d, -k - k - 19 = 5*d. Let y(p) = p**3 - 3*p**2 + 4. Calculate the remainder when 125/20 + 3/4 is divided by y(k).
3
Suppose -2*b - 6 = b, 0 = -f - 4*b - 6. Let d be 2/8 + (-167)/(-4). Suppose f*w = -w + d. What is the remainder when w is divided by 5?
4
Let n(u) be the third derivative of 13/24*u**4 + 0 + 0*u - 5/3*u**3 - 6*u**2. What is the remainder when 85 is divided by n(3)?
27
Let t be 28/3 - 9*3/81. Suppose 2*o - t = 2*f - 41, -f = 5*o + 14. Calculate the remainder when 119 is divided by f.
9
Let b = -47262 - -94928. What is the remainder when b is divided by 68?
66
Let s = 23275 + -23006. Calculate the remainder when 370 is divided by s.
101
Let y be ((-1)/(-2))/((-4)/592). Let g = -17 - y. Let n = g - 41. Calculate the remainder when 78 is divided by n.
14
Let s = 121 - -160. Suppose 27*n - 16 = s. Calculate the remainder when 54 is divided by n.
10
Let v(n) = 2*n**2 - 22*n + 6. Calculate the remainder when (76 + -242)*(-2)/4 is divided by v(11).
5
Let p be 6*(-2 + 8)/12. Let f = p - -73. What is the remainder when 87 is divided by f?
11
Let r = 9850 + -9736. What is the remainder when 744 is divided by r?
60
Let f = -450 + 281. Let q = f - -196. What is the remainder when 121 is divided by q?
13
Suppose -2*v - 7*v = -36. Let t(x) = 8*x**2 - 17*x - 6. Calculate the remainder when t(v) is divided by 11.
10
Suppose -5540 = -9*g + 2569. What is the remainder when g is divided by 8?
5
Suppose 76*j = 3311 + 3757. What is the remainder when j is divided by 8?
5
Suppose 0 = 3*u + 2*p - 9 - 1, -2*u = -4*p + 4. Suppose -g + 53 = 5*s, 7 = 2*s - u*g - 19. What is the remainder when 19 is divided by s?
8
Let f(m) = m + 122. Let l be f(12). Let q be (510/12)/((-1)/2). Let b = q + l. What is the remainder when b is divided by 25?
24
Suppose -2*c = 4, 100*c - 104*c + 52 = 4*t. What is the remainder when 16 is divided by t?
1
Let a(q) = 2*q**3 - 4*q**2 + 3*q + 1. Suppose -18*p - 3 = -19*p. Calculate the remainder when a(p) is divided by ((-18 - 1)*1)/(-1).
9
Let m(q) = -2*q + 108. Suppose -2*j + 22 - 5 = 3*v, -v + 19 = -2*j. Calculate the remainder when m(32) is divided by v.
8
Let c = -306 + 997. Calculate the remainder when c is divided by 217.
40
Let o(n) = n**3 - 10*n**2 + 20*n - 25. Let h be (-1 + 4)*(-56)/(-21). What is the remainder when 187 is divided by o(h)?
5
Suppose 11 = 5*j - 54. Suppose 2*r - 2*y + j = 139, 0 = 3*r - 2*y - 189. Calculate the remainder when 182 is divided by r.
56
Suppose 29*a - 33*a = -2*k + 1096, -4*a = 9*k - 4844. Calculate the remainder when k is divided by 8.
4
Let k = 75 - 68. What is the remainder when k is divided by (12/(-8))/((-24)/64)?
3
Let q(o) = o**3 + 39*o**2 - 102*o - 3916. Calculate the remainder when q(-35) is divided by 57.
51
Let w(c) = 15*c**2 - 277*c - 1661. Calculate the remainder when w(-6) is divided by 16.
13
Let b be (1 - -3) + -11 + -3 + -325. Let r = 374 + b. Suppose -4*w - w = 5*k - 30, 0 = 2*k + 8. Calculate the remainder when r is divided by w.
9
Let x(r) = 2*r**2 + 11*r - 4. Let s = 57 + 147. Suppose 5*a - 141 = s. Calculate the remainder when a is divided by x(-8).
33
Let i = 4070 + -3730. Let q(u) = 68*u**2 + 2*u - 1. Calculate the remainder when i is divided by q(1).
64
Suppose -h + 4*n = -1400, -2*h + 2*n = -2*n - 2780. Let k = 1933 - h. Calculate the remainder when k is divided by 111.
109
Let s be (11/(-2) - -6)*-1714. Let y = -751 - s. What is the remainder when y is divided by 6?
4
What is the remainder when 1229 is divided by 3/1*(-15)/((-2205)/14896)?
13
Let x(i) = i**3 - 9*i**2 - 22*i + 18. Suppose 0*d - 3*d + 38 = 4*l, -4*l = 4*d - 36. What is the remainder when 49 is divided by x(l)?
13
Let w(j) be the first derivative of 40*j**3 + 3*j**2 + 5*j - 9. Let y be w(-1). Let d = -70 + y. What is the remainder when d is divided by 27?
22
Suppose 9 = -212*s + 2553. Let f = -72 + 51. What is the remainder when ((-29)/1)/(3/f) is divided by s?
11
Let v(i) = i**3 - 13*i**2 - i + 3. Let t be v(13). Let b be (-5)/((-25)/t)*(-31)/2. Suppose 2*p - b = 15. Calculate the remainder when 87 is divided by p.
18
Suppose 2*a - 2 = 3*a, -5*r = 2*a - 216. Let l(x) = -12*x + 371. What is the remainder when l(17) is divided by r?
35
Suppose 32*k = -331 + 3819. Suppose 0 = 2*q - 2*m - 28, -4*q + 5*m - 3*m = -50. What is the remainder when k is divided by q?
10
Suppose -1767*h - 5538 = -1773*h. What is the remainder when h is divided by 26?
13
Calculate the remainder when 188 is divided by (-23)/(1035/432)*3/(-6)*5.
20
Let o(i) = -5*i + 114. Let h be o(18). Calculate the remainder when 60 is divided by (-30)/(5 - 140/h).
24
Suppose 2*l + 3*w = 31, -5*l - 9*w + 5*w + 60 = 0. Let m(x) = -x**3 + 10*x**2 - 16*x + 15. What is the remainder when 26 is divided by m(l)?
11
Let p = -192 + 52. Let d = -200 - p. Let n = 64 + d. Calculate the remainder when 9 is divided by n.
1
Let r(b) = b**2 + 81*b - 1308. Calculate the remainder when (3 - 2) + 0 + 301 is divided by r(14).
16
Suppose 16*u + a = 17*u - 2, 5*a = -5*u + 60. Suppose w - 21 = 3*m, 2*w - 27 = 5*m + 10. Calculate the remainder when u is divided by w.
1
Let u be (0 - -1)*546 - (-3 + 5). Suppose 0*n = n - u. What is the remainder when 36/(-162) - n/(-18) is divided by 11?
8
Let f = 815 + -688. Suppose -4*r - f - 62 = -3*y, 4*y = r + 239. Calculate the remainder when y is divided by 5.
4
Let d = -1809 - -2301. What is the remainder when d is divided by 170?
152
Let n(p) = 7*p - 35. Suppose -351*x + 7568 = -307*x. Calculate the remainder when x is divided by n(10).
32
Suppose -5*y + 695 = n, 8*n + 3*y - 689 = 7*n. Let x = -387 + n. What is the remainder when x is divided by 11?
7
Let z = -155 - -214. Suppose z*a - 61*a - 2*p + 54 = 0, 81 = 3*a - 5*p. Calculate the remainder when 69 is divided by a.
15
Let a = 3953 + -3857. What is the remainder when 452 is divided by a?
68
Let i = -1096 + 1100. Let c(b) = -b - 1. Let p(n) = 12*n + 16. Let d(g) = -28*c(g) - 2*p(g). Calculate the remainder when d(3) is divided by i.
0
Suppose k - 137 = -2*j, -5*j = -k + 35800 - 35663. Let u(q) = 10*q**3 + q**2 - 1. Calculate the remainder when k is divided by u(1).
7
Suppose 8*z - 16 = 4*z - n, 2*z + 6 = 3*n. Suppose 4*i = -0*c + 3*c + 165, -c - 120 = -z*i. Calculate the remainder when 153 is divided by i.
36
Suppose 183817 = -257*r + 191784. Let f(b) = 15*b**3 + b**2 - b - 2. Let i be f(2). Let p = 208 - i. Calculate the remainder when p is divided by r.
26
Let j = -86 - -167. Calculate the remainder when j is divided by 3 + (-381)/(-15) + (-22)/55.
25
Let z(u) be the third derivative of -u**6/120 + 2*u**5/15 + 17*u**4/12 + 7*u**3/6 - 33*u**2. What is the remainder when 85 is divided by z(11)?
13
Let j be 696 - -11 - (1 + -10). Suppose 40*c - 35*c - f = 1216, -j = -3*c + 4*f. What is the remainder when c is divided by 42?
34
Let k(r) = r. Let n be k(0). Suppose 4*x - 6 = a + 111, 4*x - 2*a - 114 = n. Suppose -x = -5*l - l. What is the remainder when l is divided by 3?
2
Suppose -5*i + 537 - 36 = 4*k, -3*i + 2*k + 283 = 0. What is the remainder when 534 is divided by i?
49
Let j = 82 + -55. Let l(n) = -n**3 + 27*n**2 - 4*n + 58. Let x be l(j). Let u = -32 - x. What is the remainder when 69 is divided by u?
15
Suppose 23*b - 561 = 60. Suppose -13298 = b*a - 88*a. Calculate the remainder when a is divided by 19.
9
Suppose 315*o - 12420 = 303*o. Calculate the remainder when o is divided by 339.
18
Let f be (4/6)/(7 + (-60)/9). Let x be f + (-2 - -2) + -1*2. Suppose -4*a - 36 = -4*m + a, x = -m - 4*a - 12. What is the remainder when 8 is divided by m?
0
Let w = -14381 + 14672. Calculate the remainder when w is divided by 47.
9
Let p(o) = 12 + 1 + 66*o - 2*o**2 - 49*o. Calculate the remainder when 5*(0/3 + 12) is divided by p(8).
18
Let h = -3832 + 3993. What is the remainder when 927 is divided by h?
122
Let o be ((-28)/(-70))/(2/10). Let f(r) = 13 - 5 + r**2 - 2 - o + 4*r. What is the remainder when 17 is divided by f(-5)?
8
Suppose 39*b - 179 + 23 = 